, 7, 17, 113
List the prime factors of 5512928.
2, 172279
List the prime factors of 1746622.
2, 37, 23603
What are the prime factors of 13414154?
2, 13, 515929
List the prime factors of 1235278.
2, 11, 56149
List the prime factors of 978262.
2, 317, 1543
What are the prime factors of 6371196?
2, 3, 13, 40841
What are the prime factors of 3399886?
2, 7, 47, 5167
What are the prime factors of 343410?
2, 3, 5, 11447
List the prime factors of 604413.
3, 67157
What are the prime factors of 963818?
2, 481909
What are the prime factors of 235462?
2, 117731
List the prime factors of 397553.
13, 53, 577
What are the prime factors of 17609754?
2, 3, 101, 29059
List the prime factors of 388688.
2, 17, 1429
List the prime factors of 67301.
13, 31, 167
List the prime factors of 8826229.
8826229
List the prime factors of 563957.
547, 1031
What are the prime factors of 194593?
7, 27799
List the prime factors of 33648646.
2, 1847, 9109
What are the prime factors of 1381983?
3, 101, 4561
What are the prime factors of 564125?
5, 4513
List the prime factors of 34943572.
2, 31, 281803
List the prime factors of 203917.
7, 29131
List the prime factors of 704901.
3, 234967
List the prime factors of 3226845.
3, 5, 215123
What are the prime factors of 78023?
11, 41, 173
List the prime factors of 8137003.
7, 37, 89, 353
What are the prime factors of 1150849?
7, 17, 19, 509
List the prime factors of 739123.
7, 11, 29, 331
List the prime factors of 1357343.
13, 263, 397
List the prime factors of 5041960.
2, 5, 7, 11, 1637
List the prime factors of 636617.
23, 89, 311
List the prime factors of 1402.
2, 701
List the prime factors of 966801.
3, 11, 29297
What are the prime factors of 152888?
2, 29, 659
List the prime factors of 816821.
816821
What are the prime factors of 1423087?
17, 97, 863
What are the prime factors of 672686?
2, 7, 48049
What are the prime factors of 23260402?
2, 11, 1057291
What are the prime factors of 157326?
2, 3, 13, 2017
What are the prime factors of 18216618?
2, 3, 7, 433729
What are the prime factors of 338578?
2, 41, 4129
List the prime factors of 299862.
2, 3, 617
List the prime factors of 250068.
2, 3, 7, 13, 229
What are the prime factors of 473599?
7, 29, 2333
List the prime factors of 458754.
2, 3, 157, 487
List the prime factors of 204088.
2, 97, 263
List the prime factors of 16202270.
2, 5, 7, 231461
List the prime factors of 5997823.
13, 353, 1307
What are the prime factors of 4569535?
5, 913907
List the prime factors of 177003.
3, 71, 277
What are the prime factors of 5721768?
2, 3, 13, 6113
What are the prime factors of 3455668?
2, 863917
List the prime factors of 175386.
2, 3, 29231
List the prime factors of 1033002.
2, 3, 57389
List the prime factors of 1718126.
2, 61, 14083
What are the prime factors of 779424?
2, 3, 23, 353
What are the prime factors of 1121123?
421, 2663
List the prime factors of 220762.
2, 17, 43, 151
List the prime factors of 3893554.
2, 7, 278111
What are the prime factors of 302641?
127, 2383
What are the prime factors of 252823?
252823
List the prime factors of 2921138.
2, 11, 23, 251
What are the prime factors of 206943?
3, 11, 6271
List the prime factors of 15161840.
2, 5, 189523
What are the prime factors of 3925876?
2, 461, 2129
List the prime factors of 2554803.
3, 31, 9157
List the prime factors of 2194581.
3, 17, 37, 1163
What are the prime factors of 1823326?
2, 911663
List the prime factors of 309517.
13, 29, 821
List the prime factors of 12582311.
7, 23, 31, 2521
What are the prime factors of 1452954?
2, 3, 113, 2143
What are the prime factors of 237727?
7, 33961
List the prime factors of 4940230.
2, 5, 494023
List the prime factors of 6486449.
1721, 3769
List the prime factors of 36947094.
2, 3, 127, 48487
What are the prime factors of 767570?
2, 5, 76757
What are the prime factors of 405000?
2, 3, 5
List the prime factors of 4102201.
397, 10333
List the prime factors of 347478.
2, 3, 29, 1997
List the prime factors of 33062685.
3, 5, 79, 27901
List the prime factors of 10338545.
5, 7, 295387
What are the prime factors of 826772?
2, 139, 1487
What are the prime factors of 240463?
37, 67, 97
List the prime factors of 2441595.
3, 5, 13, 19, 659
What are the prime factors of 1614025?
5, 7, 23, 401
List the prime factors of 111131.
19, 5849
List the prime factors of 268576.
2, 7, 11, 109
What are the prime factors of 911399?
859, 1061
List the prime factors of 1508863.
31, 48673
What are the prime factors of 1687233?
3, 17, 33083
What are the prime factors of 158985?
3, 5, 3533
What are the prime factors of 1887871?
29, 65099
List the prime factors of 368335.
5, 11, 37, 181
List the prime factors of 161208.
2, 3, 2239
List the prime factors of 38765.
5, 7753
What are the prime factors of 8171799?
3, 2723933
List the prime factors of 452615.
5, 90523
List the prime factors of 695875.
5, 19, 293
What are the prime factors of 4271235?
3, 5, 284749
What are the prime factors of 3357689?
3357689
List the prime factors of 25703.
25703
What are the prime factors of 2183043?
3, 19, 38299
What are the prime factors of 49264?
2, 3079
What are the prime factors of 654921?
3, 53, 1373
List the prime factors of 1110232.
2, 107, 1297
What are the prime factors of 252399?
3, 7, 17, 101
What are the prime factors of 1906851?
3, 635617
List the prime factors of 233289.
3, 7, 23
List the prime factors of 22824.
2, 3, 317
List the prime factors of 96790.
2, 5, 9679
List the prime factors of 85551.
3, 28517
List the prime factors of 47926.
2, 31, 773
List the prime factors of 166805.
5, 73, 457
List the prime factors of 889.
7, 127
What are the prime factors of 1183992?
2, 3, 49333
What are the prime factors of 23291289?
3, 7, 369703
List the prime factors of 1113422.
2, 71, 7841
What are the prime factors of 23393?
149, 157
List the prime factors of 1019140.
2, 5, 50957
List the prime factors of 18805775.
5, 29, 25939
List the prime factors of 253692.
2, 3, 29
What are the prime factors of 2921190?
2, 3, 5, 97373
List the prime factors of 5552969.
53, 104773
What are the prime factors of 14287108?
2, 11, 324707
What are the prime factors of 75595?
5, 13, 1163
List the prime factors of 8121460.
2, 5, 406073
List the prime factors of 1594379.
17, 93787
What are the prime factors of 854884?
2, 213721
List the prime factors of 328463.
23, 14281
List the prime factors of 1035294.
2, 3, 13, 1021
List the prime factors of 441882.
2, 3, 7, 167
List the prime factors of 20593405.
5, 7, 588383
List the prime factors of 6070000.
2, 5, 607
List the prime factors of 495051.
3, 47, 3511
What are the prime factors of 667498?
2, 13, 25673
What are the prime factors of 1185195?
3, 5, 11, 653
List the prime factors of 280341.
3, 3461
What are the prime factors of 10192573?
2131, 4783
List the prime factors of 645932.
2, 7, 17, 23, 59
List the prime factors of 340048.
2, 53, 401
What are the prime factors of 814350?
2, 3, 5, 61, 89
List the prime factors of 486471.
3, 167, 971
What are the prime factors of 1192163?
7, 73, 2333
List the prime factors of 11603222.
2, 719, 8069
What are the prime factors of 971619?
3, 11, 29443
What are the prime factors of 12593459?
317, 39727
What are the prime factors of 229901?
7, 32843
What are the prime factors of 429279?
3, 143093
What are the prime factors of 116916?
2, 3, 9743
List the prime factors of 656628.
2, 3, 7, 7817
List the prime factors of 2571641.
17, 151273
List the prime factors of 970006.
2, 53, 9151
List the prime factors of 354239.
47, 7537
What are the prime factors of 20448?
2, 3, 71
List the prime factors of 184.
2, 23
List the prime factors of 211407.
3, 7, 10067
What are the prime factors of 564248?
2, 251, 281
What are the prime factors of 10075581?
3, 37, 79, 383
What are the prime factors of 696126?
2, 3, 181, 641
List the prime factors of 86152.
2, 11, 89
List the prime factors of 3432678.
2, 3, 67, 8539
List the prime factors of 454142.
2, 13, 17467
List the prime factors of 5685306.
2, 3, 11, 41, 191
What are the prime factors of 1458949?
353, 4133
List the prime factors of 980996.
2, 23, 10663
List the prime factors of 672173.
31, 21683
List the prime factors of 6164433.
3, 11, 71, 877
List the prime factors of 95343.
3, 61, 521
What are the prime factors of 235165?
